reds digit of 491?
4
What is the tens digit of 7947?
4
What is the thousands digit of 4961?
4
What is the thousands digit of 53768?
3
What is the units digit of 3708?
8
What is the hundreds digit of 4230?
2
What is the thousands digit of 2193?
2
What is the tens digit of 5480?
8
What is the thousands digit of 9078?
9
What is the thousands digit of 2903?
2
What is the hundreds digit of 622?
6
What is the ten thousands digit of 11559?
1
What is the units digit of 7936?
6
What is the ten thousands digit of 136451?
3
What is the hundreds digit of 4003?
0
What is the hundreds digit of 378?
3
What is the tens digit of 99315?
1
What is the hundreds digit of 5314?
3
What is the tens digit of 623?
2
What is the hundreds digit of 2079?
0
What is the units digit of 2585?
5
What is the thousands digit of 17366?
7
What is the ten thousands digit of 87130?
8
What is the hundreds digit of 161?
1
What is the thousands digit of 3372?
3
What is the units digit of 6876?
6
What is the hundreds digit of 3254?
2
What is the hundreds digit of 15496?
4
What is the tens digit of 123399?
9
What is the thousands digit of 72077?
2
What is the thousands digit of 5320?
5
What is the units digit of 7109?
9
What is the units digit of 2608?
8
What is the hundreds digit of 791?
7
What is the hundreds digit of 309?
3
What is the tens digit of 282?
8
What is the units digit of 1750?
0
What is the units digit of 746?
6
What is the units digit of 446?
6
What is the units digit of 31152?
2
What is the hundreds digit of 5598?
5
What is the ten thousands digit of 11265?
1
What is the hundreds digit of 17318?
3
What is the tens digit of 39923?
2
What is the units digit of 4086?
6
What is the thousands digit of 54543?
4
What is the thousands digit of 3846?
3
What is the units digit of 678?
8
What is the hundreds digit of 2949?
9
What is the tens digit of 13782?
8
What is the units digit of 649?
9
What is the hundred thousands digit of 130994?
1
What is the hundreds digit of 1721?
7
What is the units digit of 2493?
3
What is the tens digit of 12516?
1
What is the units digit of 201?
1
What is the tens digit of 19941?
4
What is the hundreds digit of 1549?
5
What is the units digit of 4962?
2
What is the thousands digit of 4925?
4
What is the thousands digit of 4137?
4
What is the ten thousands digit of 14672?
1
What is the tens digit of 25751?
5
What is the units digit of 3373?
3
What is the tens digit of 941?
4
What is the units digit of 39599?
9
What is the thousands digit of 137053?
7
What is the hundreds digit of 5479?
4
What is the units digit of 16609?
9
What is the units digit of 22017?
7
What is the units digit of 2660?
0
What is the thousands digit of 3190?
3
What is the units digit of 42?
2
What is the thousands digit of 3790?
3
What is the units digit of 75183?
3
What is the tens digit of 2328?
2
What is the hundreds digit of 51033?
0
What is the ten thousands digit of 87211?
8
What is the thousands digit of 155687?
5
What is the units digit of 15699?
9
What is the tens digit of 523?
2
What is the ten thousands digit of 13980?
1
What is the tens digit of 33997?
9
What is the hundreds digit of 21578?
5
What is the units digit of 661?
1
What is the tens digit of 23378?
7
What is the ten thousands digit of 30274?
3
What is the thousands digit of 1476?
1
What is the thousands digit of 22448?
2
What is the ten thousands digit of 11190?
1
What is the tens digit of 12430?
3
What is the tens digit of 1593?
9
What is the hundreds digit of 11108?
1
What is the tens digit of 57?
5
What is the units digit of 9199?
9
What is the tens digit of 333?
3
What is the hundreds digit of 14135?
1
What is the hundreds digit of 69311?
3
What is the tens digit of 236?
3
What is the hundreds digit of 52210?
2
What is the tens digit of 539?
3
What is the hundreds digit of 98573?
5
What is the tens digit of 4541?
4
What is the thousands digit of 4725?
4
What is the units digit of 2328?
8
What is the tens digit of 1097?
9
What is the ten thousands digit of 14369?
1
What is the units digit of 27205?
5
What is the hundreds digit of 2612?
6
What is the units digit of 19?
9
What is the tens digit of 12355?
5
What is the ten thousands digit of 25264?
2
What is the tens digit of 8834?
3
What is the thousands digit of 33589?
3
What is the thousands digit of 5276?
5
What is the units digit of 2915?
5
What is the units digit of 12129?
9
What is the tens digit of 956?
5
What is the units digit of 3110?
0
What is the hundreds digit of 779?
7
What is the units digit of 6554?
4
What is the hundreds digit of 12408?
4
What is the hundreds digit of 492?
4
What is the tens digit of 966?
6
What is the thousands digit of 27217?
7
What is the hundreds digit of 4168?
1
What is the tens digit of 1138?
3
What is the thousands digit of 6281?
6
What is the tens digit of 7126?
2
What is the tens digit of 2898?
9
What is the ten thousands digit of 51638?
5
What is the units digit of 932?
2
What is the tens digit of 12117?
1
What is the hundreds digit of 128?
1
What is the tens digit of 146?
4
What is the tens digit of 105?
0
What is the tens digit of 47?
4
What is the units digit of 2162?
2
What is the hundreds digit of 179?
1
What is the units digit of 3774?
4
What is the tens digit of 1496?
9
What is the thousands digit of 30154?
0
What is the tens digit of 5394?
9
What is the tens digit of 3127?
2
What is the tens digit of 1605?
0
What is the units digit of 49522?
2
What is the ten thousands digit of 38505?
3
What is the thousands digit of 2284?
2
What is the tens digit of 177?
7
What is the tens digit of 68288?
8
What is the units digit of 1432?
2
What is the units digit of 1520?
0
What is the units digit of 16346?
6
What is the thousands digit of 2112?
2
What is the ten thousands digit of 88419?
8
What is the tens digit of 62720?
2
What is the hundreds digit of 250?
2
What is the units digit of 71057?
7
What is the units digit of 7864?
4
What is the ten thousands digit of 74533?
7
What is the tens digit of 372?
7
What is the tens digit of 122?
2
What is the thousands digit of 1641?
1
What is the tens digit of 47375?
7
What is the tens digit of 44296?
9
What is the thousands digit of 11482?
1
What is the thousands digit of 7953?
7
What is the ten thousands digit of 22750?
2
What is the units digit of 1915?
5
What is the hundreds digit of 269?
2
What is the units digit of 1742?
2
What is the hundreds digit of 24781?
7
What is the units digit of 3786?
6
What is the thousands digit of 6397?
6
What is the thousands digit of 16731?
6
What is the thousands digit of 2249?
2
What is the hundreds digit of 90868?
8
What is the hundreds digit of 219?
2
What is the tens digit of 335?
3
What is the hundreds digit of 4660?
6
What is the units digit of 9807?
7
What is the units digit of 162323?
3
What is the units digit of 19954?
4
What is the hundreds digit of 3264?
2
What is the tens digit of 3352?
5
What is the units digit of 2663?
3
What is the hundreds digit of 5870?
8
What is the units digit of 7692?
2
What is the hundreds digit of 1257?
2
What is the units digit of 4643?
3
What is the thousands digit of 11163?
1
What is the units digit of 2288?
8
What is the tens digit of 67?
6
What is the thousands digit of 15504?
5
What is the hundreds digit of 3689?
6
What is the tens digit of 1497?
9
What is the thousands digit of 1044?
1
What is the units digit of 2007?
7
What is the ten thousands digit of 50570?
5
What is the tens digit of 8425?
2
What is the thousands digit of 9195?
9
What is the hundreds digit of 887?
8
What is the hundreds digit of 62784?
7
What is the hundreds digit of 2369?
3
What is the thousands digit of 1119?
1
What is the tens digit of 2227?
2
What is the tens digit of 20507?
0
What is the units digit of 17262?
2
What is the units digit of 1679?
9
What is the hundreds digit of 895?
8
What is the hundreds digit of 202?
2
What is the hundreds digit of 1687?
6
What is the thousands digit of 2432?
2
What is the hundreds digit of 196?
1
What is the hundreds digit of 5045?
0
What is the units digit of 14274?
4
What is the tens digit of 170?
7
What is the tens digit of 4002?
0
What is the hundreds digit of 1182?
1
What is the thousands digit of 1235?
1
What is the thousands digit of 33297?
3
What is the units digit of 2364